{"id":183,"date":"2025-04-20T15:26:33","date_gmt":"2025-04-20T15:26:33","guid":{"rendered":"https:\/\/heuristic-chandrasekhar.94-143-138-185.plesk.page\/?post_type=product&#038;p=183"},"modified":"2025-04-20T15:26:46","modified_gmt":"2025-04-20T15:26:46","slug":"prueba","status":"publish","type":"product","link":"https:\/\/heuristic-chandrasekhar.94-143-138-185.plesk.page\/?product=prueba","title":{"rendered":"Prueba"},"content":{"rendered":"<p>Nuestras mu\u00f1ecas de inspiraci\u00f3n Waldorf est\u00e1n hechas 100% a mano en Espa\u00f1a (Castilla-La Mancha) y fabricadas \u00fanicamente con materiales naturales. La mu\u00f1eca est\u00e1 hecha de un algod\u00f3n suave y agradable. Esta es nuestra mu\u00f1eca grande que mide unos 53 cm.<\/p>\n<p>Hecho a mano en Espa\u00f1a.<\/p>\n","protected":false},"excerpt":{"rendered":"<p>Nuestras mu\u00f1ecas de inspiraci\u00f3n Waldorf est\u00e1n hechas 100% a mano en Espa\u00f1a (Castilla-La Mancha) y fabricadas \u00fanicamente con materiales naturales. La mu\u00f1eca est\u00e1 hecha de un algod\u00f3n suave y agradable. Esta es nuestra mu\u00f1eca grande que mide unos 53 cm. Hecho a mano en Espa\u00f1a.<\/p>\n","protected":false},"featured_media":143,"comment_status":"open","ping_status":"closed","template":"","meta":{"content-type":""},"product_brand":[],"product_cat":[17],"product_tag":[],"class_list":{"0":"post-183","1":"product","2":"type-product","3":"status-publish","4":"has-post-thumbnail","6":"product_cat-uncategorized","8":"first","9":"instock","10":"shipping-taxable","11":"purchasable","12":"product-type-simple"},"_links":{"self":[{"href":"https:\/\/heuristic-chandrasekhar.94-143-138-185.plesk.page\/index.php?rest_route=\/wp\/v2\/product\/183","targetHints":{"allow":["GET"]}}],"collection":[{"href":"https:\/\/heuristic-chandrasekhar.94-143-138-185.plesk.page\/index.php?rest_route=\/wp\/v2\/product"}],"about":[{"href":"https:\/\/heuristic-chandrasekhar.94-143-138-185.plesk.page\/index.php?rest_route=\/wp\/v2\/types\/product"}],"replies":[{"embeddable":true,"href":"https:\/\/heuristic-chandrasekhar.94-143-138-185.plesk.page\/index.php?rest_route=%2Fwp%2Fv2%2Fcomments&post=183"}],"wp:featuredmedia":[{"embeddable":true,"href":"https:\/\/heuristic-chandrasekhar.94-143-138-185.plesk.page\/index.php?rest_route=\/wp\/v2\/media\/143"}],"wp:attachment":[{"href":"https:\/\/heuristic-chandrasekhar.94-143-138-185.plesk.page\/index.php?rest_route=%2Fwp%2Fv2%2Fmedia&parent=183"}],"wp:term":[{"taxonomy":"product_brand","embeddable":true,"href":"https:\/\/heuristic-chandrasekhar.94-143-138-185.plesk.page\/index.php?rest_route=%2Fwp%2Fv2%2Fproduct_brand&post=183"},{"taxonomy":"product_cat","embeddable":true,"href":"https:\/\/heuristic-chandrasekhar.94-143-138-185.plesk.page\/index.php?rest_route=%2Fwp%2Fv2%2Fproduct_cat&post=183"},{"taxonomy":"product_tag","embeddable":true,"href":"https:\/\/heuristic-chandrasekhar.94-143-138-185.plesk.page\/index.php?rest_route=%2Fwp%2Fv2%2Fproduct_tag&post=183"}],"curies":[{"name":"wp","href":"https:\/\/api.w.org\/{rel}","templated":true}]}}